 Let x be (v/(-5))/(2/120). Calculate the highest common divisor of x and p.
8
Suppose 4*w = -0*w + 8, -5*c + 5*w + 85 = 0. Let l = c - -4. What is the highest common factor of l and 69?
23
Let y(k) = -k**2 - 11*k + 14. Let u be y(-6). Calculate the greatest common divisor of u and 88.
44
Suppose -h + 4*h + 18 = 0. Let s(z) = z**3 + 6*z**2 - 5*z - 6. Let v be s(h). What is the greatest common divisor of v and 6?
6
Suppose -28 = -7*a + 42. Let m be (42/a)/(8/40). Calculate the greatest common factor of 189 and m.
21
Let f = -23 - -26. What is the greatest common factor of f and 27?
3
Suppose -2*b - 12 = -5*l, 9 = 5*l + 2*b - b. Let g = l - -12. Let u = -113 + 267. What is the highest common factor of g and u?
14
Let a = 279 + -199. Calculate the highest common divisor of a and 20.
20
Suppose -3*y = -4*y + 12. Calculate the highest common factor of 372 and y.
12
Let c = 11 + -5. Suppose 2*w + 120 = c*w. What is the greatest common divisor of w and 10?
10
Suppose 5*p - 15 - 57 = 3*d, -64 = -5*p + d. Calculate the highest common factor of p and 12.
12
Let k(y) = 2*y**2 + 9*y + 5. Let t be 26*(-3 - 5/(-2)). Let m = t - -6. Let c be k(m). Calculate the greatest common divisor of 10 and c.
10
Suppose 2*m = -2*m + 96. Calculate the highest common divisor of 16 and m.
8
Let q = 39 + -15. Calculate the highest common divisor of 8 and q.
8
Let c(l) = -l - 3. Let h = -1 + -4. Let f be c(h). Calculate the greatest common factor of 4 and f.
2
Let k be (0 + 14)*(-45)/(-30). What is the highest common divisor of k and 35?
7
Let i(u) = 3*u**3 - 3*u + 5. Let s be i(3). What is the greatest common factor of s and 7?
7
Suppose -3*f + 6*f = 105. Calculate the greatest common divisor of f and 5.
5
Let z(d) = -d**2 - 17*d - 14. Let s be z(-7). Let b(l) = -2*l + 1. Let h be b(-3). Calculate the highest common factor of h and s.
7
Let w be 4/(-10) + 1099/35. Let f be w/3 - (-2)/(-6). Calculate the greatest common factor of 90 and f.
10
Suppose -s - 3*f = -49, -2*s + 2*f + 77 = f. Suppose w + 2 = 18. Calculate the greatest common factor of s and w.
8
Suppose 0 = 10*q - 6*q - 180. Calculate the greatest common divisor of 9 and q.
9
Let g be 6*((-76)/(-12) - 3). Let y = -158 - -298. What is the highest common factor of g and y?
20
Let k(l) = 5*l - 26. Let r be k(6). Calculate the highest common divisor of 4 and r.
4
Suppose 5*h = 2*h + 18. Let d be (2 - h)/((-1)/16). Let i be 1 + 10/1 + -3. What is the greatest common divisor of d and i?
8
Let s = 141 + 43. What is the highest common divisor of 23 and s?
23
Suppose -11 = p - 68. Calculate the greatest common factor of 76 and p.
19
Suppose -21 = -3*u + 5*i - 2*i, -u - 23 = 5*i. Let j = 33 - 19. Calculate the greatest common factor of j and u.
2
Let l = 43 - -65. Calculate the greatest common factor of 36 and l.
36
Let s(b) = b**3 + 17*b**2 + b + 25. Let u be s(-17). What is the greatest common divisor of u and 72?
8
Let x = 11 + -4. Let w(l) = l**2 - 13*l + 23. Let u be w(11). Calculate the highest common divisor of x and u.
1
Let r(z) be the first derivative of z**4/4 - z**2 + z - 1. Let j be r(2). Calculate the greatest common divisor of j and 10.
5
Let d be 21 + 12/(-10)*15/(-6). Calculate the greatest common factor of d and 216.
24
Let m = -7 + 8. Let u = 2 + m. Suppose -15 = -u*q, l = -l - 2*q + 190. What is the greatest common factor of 18 and l?
18
Let u(b) = b**3 + 5*b**2 - 7*b + 8. Let m be u(-6). What is the greatest common divisor of 126 and m?
14
Let i(t) = -t + 7. Let w be i(-6). What is the highest common factor of 91 and w?
13
Let p = -4 + 14. Let b(w) = w**3 + 3*w**2 - 1. Let l be b(-5). Let j = 101 + l. Calculate the highest common divisor of p and j.
10
Let i = 466 - 331. Calculate the greatest common factor of i and 5.
5
Let g(p) = -p**3 - 10*p**2 + 10*p + 3. Let u be g(-11). What is the greatest common divisor of u and 28?
14
Suppose -15*l = -17*l + 64. What is the greatest common factor of l and 4?
4
Let k(y) = -9*y + 48. Let d be k(-4). Calculate the greatest common divisor of 12 and d.
12
Suppose 660 = -5*o + 15*o. Calculate the highest common factor of 99 and o.
33
Let q be (0 + 4)*27/18. Let o be (8/q)/(3/36). Calculate the greatest common factor of 32 and o.
16
Suppose 4*z - 17 + 5 = 0. Let c be ((-10)/6)/((-1)/9). Calculate the highest common divisor of z and c.
3
Suppose 132 = 7*p - 50. What is the greatest common factor of 234 and p?
26
Let k(i) = -i + 63. Suppose -10 = 3*z + 2*m, 20 = -3*m - m. Let v be k(z). What is the highest common divisor of 9 and v?
9
Suppose 0 = -2*q - 3*d + 5*d + 30, 4*d = 3*q - 49. Calculate the highest common factor of q and 55.
11
Let o(k) = 2*k**3 - 7*k + 1. Let p be o(5). What is the greatest common factor of 24 and p?
24
Let w = 5 + -10. Let b(s) = 2*s**2 + 6*s + 1. Let c be b(w). Let j = 34 + -20. What is the highest common factor of c and j?
7
Suppose -m + 6 = m. Suppose -5*o = -m*n + 219 + 39, 0 = n - 3*o - 82. What is the greatest common divisor of n and 13?
13
Let o(g) = -g - 4. Let h be o(-7). Suppose -4*u = h*c - 24, 45 = 3*c - 2*u - u. Let z(l) = -6*l. Let p be z(-5). What is the highest common factor of c and p?
6
Let i = 121 - 30. Let a(t) = -3*t - 5. Let u be (-2)/1 + -3 - 1. Let o be a(u). Calculate the greatest common divisor of i and o.
13
Let y(s) = s**3 + 16*s**2 + 14*s + 20. Suppose 0 = -4*f - 39 - 21. Let z be y(f). What is the highest common factor of z and 35?
35
Let k = -56 - -98. Calculate the highest common factor of 6 and k.
6
Suppose 4*n - 3*t + 4 - 25 = 0, -t + 3 = 2*n. Suppose 0*j = 2*j - 4. Suppose c - j = n. What is the greatest common divisor of 5 and c?
5
Let r(n) = 2*n + 11. Let m be r(5). Calculate the greatest common divisor of m and 63.
21
Let d(u) = 3*u**2 + 10. Let p(a) = 2*a**2 + 5. Let c(z) = -2*d(z) + 5*p(z). Let m be c(-5). Calculate the greatest common factor of m and 42.
21
Let w(b) = -57*b - 2. Suppose 3*f + 10 = 4. Let t be w(f). What is the highest common factor of t and 16?
16
Let a = 50 - -37. Suppose 4*j - 93 - a = 0. Calculate the highest common factor of 5 and j.
5
Suppose 0 = -4*u - 5*r + 115, -5*u + 4*u = 3*r - 34. Suppose u + 10 = 5*w. Calculate the greatest common factor of 63 and w.
7
Suppose 6*x - 24 = 9*x. Let z be 0/x - 34/(-2). What is the highest common divisor of z and 51?
17
Suppose -9*o + 6*o + 33 = 0. Suppose -5*z + 55 = -0. What is the highest common factor of z and o?
11
Let p(s) = -s**3 + 8*s**2 + 5*s - 12. Let d be p(7). What is the greatest common factor of 18 and d?
18
Suppose -2*o - 30 = -94. Suppose -13 = -2*r + 3. What is the greatest common factor of o and r?
8
Let l be 3 - (0 - 2)/(-2). What is the greatest common factor of 2 and l?
2
Let x(g) = 2*g**3 - 4*g**2 + 2*g. Let a be x(2). Suppose -t = -4*s + 28, a*t + 7 + 3 = -s. What is the greatest common divisor of s and 66?
6
Let q be (-30)/(-8) + (-1)/(-4). Suppose -q - 1 = -5*r. Calculate the greatest common factor of 1 and r.
1
Let m(y) = 4*y - 1. Let j be m(6). Let g = -74 - -116. Suppose 5*a - j = g. What is the greatest common factor of 143 and a?
13
Suppose -u - 19 = -a - 0*u, 5*a + 3*u = 111. Let d = a + 24. Suppose -4 + 19 = 3*i. What is the highest common divisor of i and d?
5
Let i(a) = 2*a**3 - a**2 - 2*a. Let w be i(2). Calculate the highest common factor of w and 2.
2
Let o = 23 + -13. Calculate the highest common divisor of 2 and o.
2
Let i = -2 - -8. Let h(k) = -4*k - 9. Let o be h(-6). What is the highest common factor of i and o?
3
Suppose -d + 5*z + 12 = 0, 8*z = -d + 3*z - 8. Let u be (d - -13) + -3 + 0. What is the highest common factor of u and 24?
12
Let r(y) = 5*y + 1. Let a be r(9). What is the highest common factor of 69 and a?
23
Suppose r = -5 + 1. Let t = r - -8. What is the highest common factor of 28 and t?
4
Let l be 0/5 + (15 - -1). Let m = 24 - l. What is the highest common divisor of 16 and m?
8
Let i(h) = -3*h + 12. Let m be i(-6). What is the highest common divisor of 15 and m?
15
Let s = 21 - -11. Suppose -q = -o + 2, 1 = 3*o - 2*q - 7. Calculate the greatest common divisor of s and o.
4
Let f be ((-6)/5)/((-21)/70). Suppose 3*m + 6 = 0, 5*m + 407 = -3*y - 1739. Let a be y/(-56) + f/14. Calculate the highest common factor of a and 26.
13
Let f be (-4)/(-3)*84/8. What is the greatest common factor 